{"id":9,"date":"2014-09-03T22:23:17","date_gmt":"2014-09-03T20:23:17","guid":{"rendered":"http:\/\/www.weilheimer-festspiele.de\/?page_id=9"},"modified":"2018-05-21T18:00:54","modified_gmt":"2018-05-21T16:00:54","slug":"impressum","status":"publish","type":"page","link":"https:\/\/www.weilheimer-festspiele.de\/?page_id=9","title":{"rendered":"Impressum"},"content":{"rendered":"<p><span style=\"font-size: 10pt;\">Inhaber der Domain:<\/span><\/p>\n<p><span style=\"font-size: 10pt;\">Kontaktadresse\/ Postanschrift<\/span><\/p>\n<p><span style=\"font-size: 10pt;\">Weilheimer Festspiele GbR<\/span><br \/>\n<span style=\"font-size: 10pt;\">c\/o Yvonne Brosch\/Andreas Arneth<\/span><br \/>\n<span style=\"font-size: 10pt;\">Arcisstra\u00dfe 59<\/span><br \/>\n<span style=\"font-size: 10pt;\">80799 M\u00fcnchen<\/span><\/p>\n<p>&nbsp;<\/p>\n<p><span style=\"font-size: 10pt;\">Die Weilheimer Festspiele GbR ist ordentlich beim<\/span><br \/>\n<span style=\"font-size: 10pt;\">Finanzamt Weilheim-Schongau gemeldet.<\/span><\/p>\n<p><span style=\"font-size: 10pt;\">Sitz der Gesellschaft:<\/span><\/p>\n<p><span style=\"font-size: 10pt;\">Weilheimer Festspiele GbR<\/span><br \/>\n<span style=\"font-size: 10pt;\">c\/o Andreas Arneth<\/span><br \/>\n<span style=\"font-size: 10pt;\">Paradeissstr.35<\/span><br \/>\n<span style=\"font-size: 10pt;\">82362 Weilheim<\/span><\/p>\n<p><span style=\"font-size: 10pt;\">Haftungshinweis:<\/span><\/p>\n<p><span style=\"font-size: 10pt;\">Trotz sorgf\u00e4ltiger inhaltlicher Kontrolle,<\/span><br \/>\n<span style=\"font-size: 10pt;\">\u00fcbernimmt &#8222;Weilheimer Festspiele GbR&#8220; keine<\/span><br \/>\n<span style=\"font-size: 10pt;\">Haftung f\u00fcr die Inhalte externer Links.<\/span><br \/>\n<span style=\"font-size: 10pt;\">Wir distanzieren uns hiermit ausdr\u00fccklich<\/span><br \/>\n<span style=\"font-size: 10pt;\">von allen Inhalten aller verlinkten Seiten.<\/span><br \/>\n<span style=\"font-size: 10pt;\">F\u00fcr den Inhalt der verlinkten Seiten sind<\/span><br \/>\n<span style=\"font-size: 10pt;\">ausschlie\u00dflich deren Betreiber verantwortlich.<\/span><\/p>\n<p><span style=\"font-size: 10pt;\">Diese Website wurde mit gr\u00f6\u00dftm\u00f6glicher<\/span><br \/>\n<span style=\"font-size: 10pt;\">Sorgfalt zusammengestellt. Trotzdem kann<\/span><br \/>\n<span style=\"font-size: 10pt;\">keine Gew\u00e4hr f\u00fcr die Fehlerfreiheit und<\/span><br \/>\n<span style=\"font-size: 10pt;\">Genauigkeit der enthaltenen Informationen<\/span><br \/>\n<span style=\"font-size: 10pt;\">\u00fcbernommen werden.<\/span><\/p>\n","protected":false},"excerpt":{"rendered":"<p>Inhaber der Domain: Kontaktadresse\/ Postanschrift Weilheimer Festspiele GbR c\/o Yvonne Brosch\/Andreas Arneth Arcisstra\u00dfe 59 80799 M\u00fcnchen &nbsp; Die Weilheimer Festspiele GbR ist ordentlich beim Finanzamt Weilheim-Schongau gemeldet. Sitz der Gesellschaft: Weilheimer Festspiele GbR c\/o Andreas Arneth Paradeissstr.35 82362 Weilheim Haftungshinweis: Trotz sorgf\u00e4ltiger inhaltlicher Kontrolle, \u00fcbernimmt &#8222;Weilheimer Festspiele GbR&#8220; keine Haftung f\u00fcr die Inhalte externer Links. [&hellip;]<\/p>\n","protected":false},"author":1,"featured_media":0,"parent":0,"menu_order":0,"comment_status":"closed","ping_status":"closed","template":"template-twocolumnsleft.php","meta":{"_et_pb_use_builder":"","_et_pb_old_content":"","_et_gb_content_width":"","footnotes":""},"class_list":["post-9","page","type-page","status-publish","hentry"],"_links":{"self":[{"href":"https:\/\/www.weilheimer-festspiele.de\/index.php?rest_route=\/wp\/v2\/pages\/9","targetHints":{"allow":["GET"]}}],"collection":[{"href":"https:\/\/www.weilheimer-festspiele.de\/index.php?rest_route=\/wp\/v2\/pages"}],"about":[{"href":"https:\/\/www.weilheimer-festspiele.de\/index.php?rest_route=\/wp\/v2\/types\/page"}],"author":[{"embeddable":true,"href":"https:\/\/www.weilheimer-festspiele.de\/index.php?rest_route=\/wp\/v2\/users\/1"}],"replies":[{"embeddable":true,"href":"https:\/\/www.weilheimer-festspiele.de\/index.php?rest_route=%2Fwp%2Fv2%2Fcomments&post=9"}],"version-history":[{"count":8,"href":"https:\/\/www.weilheimer-festspiele.de\/index.php?rest_route=\/wp\/v2\/pages\/9\/revisions"}],"predecessor-version":[{"id":395,"href":"https:\/\/www.weilheimer-festspiele.de\/index.php?rest_route=\/wp\/v2\/pages\/9\/revisions\/395"}],"wp:attachment":[{"href":"https:\/\/www.weilheimer-festspiele.de\/index.php?rest_route=%2Fwp%2Fv2%2Fmedia&parent=9"}],"curies":[{"name":"wp","href":"https:\/\/api.w.org\/{rel}","templated":true}]}}